{"id":676,"date":"2020-08-23T22:09:17","date_gmt":"2020-08-23T19:09:17","guid":{"rendered":"https:\/\/yusuferadam.com\/?page_id=676"},"modified":"2020-08-27T11:41:15","modified_gmt":"2020-08-27T08:41:15","slug":"cennet-mekan-panopticon-dunya-sinemasinda-lgbt-bellek-oruntuleri-kisisel-ve-homofobinin-beslenme-cantasi","status":"publish","type":"page","link":"http:\/\/yusuferadam.com\/?page_id=676","title":{"rendered":"Cennet Mekan Panopticon, D\u00fcnya Sinemas\u0131nda LGBT Bellek \u00d6r\u00fcnt\u00fcleri"},"content":{"rendered":"<p><a href=\"https:\/\/yusuferadam.com\/wp-content\/uploads\/2020\/08\/Cennet-Mekan-Panopticon-Du\u0308nya-Sinemas\u0131nda-LGBT-Bellek-O\u0308ru\u0308ntu\u0308leri-Klis\u0327eleri-ve-Homofobinin-Beslenme-C\u0327antas\u0131.pdf\">Cennet Mekan Panopticon, Du\u0308nya Sinemas\u0131nda LGBT Bellek O\u0308ru\u0308ntu\u0308leri, Klis\u0327eleri ve Homofobinin Beslenme C\u0327antas\u0131<\/a><\/p>\n","protected":false},"excerpt":{"rendered":"<p>Cennet Mekan Panopticon, Du\u0308nya Sinemas\u0131nda LGBT Bellek O\u0308ru\u0308ntu\u0308leri, Klis\u0327eleri ve Homofobinin Beslenme C\u0327antas\u0131<\/p>\n","protected":false},"author":1,"featured_media":0,"parent":0,"menu_order":0,"comment_status":"closed","ping_status":"closed","template":"","meta":[],"_links":{"self":[{"href":"http:\/\/yusuferadam.com\/index.php?rest_route=\/wp\/v2\/pages\/676"}],"collection":[{"href":"http:\/\/yusuferadam.com\/index.php?rest_route=\/wp\/v2\/pages"}],"about":[{"href":"http:\/\/yusuferadam.com\/index.php?rest_route=\/wp\/v2\/types\/page"}],"author":[{"embeddable":true,"href":"http:\/\/yusuferadam.com\/index.php?rest_route=\/wp\/v2\/users\/1"}],"replies":[{"embeddable":true,"href":"http:\/\/yusuferadam.com\/index.php?rest_route=%2Fwp%2Fv2%2Fcomments&post=676"}],"version-history":[{"count":1,"href":"http:\/\/yusuferadam.com\/index.php?rest_route=\/wp\/v2\/pages\/676\/revisions"}],"predecessor-version":[{"id":800,"href":"http:\/\/yusuferadam.com\/index.php?rest_route=\/wp\/v2\/pages\/676\/revisions\/800"}],"wp:attachment":[{"href":"http:\/\/yusuferadam.com\/index.php?rest_route=%2Fwp%2Fv2%2Fmedia&parent=676"}],"curies":[{"name":"wp","href":"https:\/\/api.w.org\/{rel}","templated":true}]}}